{"id":6615,"date":"2025-12-18T17:10:44","date_gmt":"2025-12-18T13:10:44","guid":{"rendered":"https:\/\/www.dubaiessences.re\/?post_type=product&#038;p=6615"},"modified":"2026-04-08T12:09:14","modified_gmt":"2026-04-08T08:09:14","slug":"lattafa-asad-elixir-100-ml","status":"publish","type":"product","link":"https:\/\/www.dubaiessences.re\/index.php\/product\/lattafa-asad-elixir-100-ml\/","title":{"rendered":"LATTAFA Asad Elixir 100 ML"},"content":{"rendered":"","protected":false},"excerpt":{"rendered":"<p>Asad Elixir, la nouvelle d\u00e9clinaison du Asad de Lattafa conserve son profil affirm\u00e9 autour d&#8217;un d\u00e9part franc et \u00e9pic\u00e9.<br \/>\nViennent ensuite les notes chaudes de tabac et de bois sec qui se m\u00ealent \u00e0 l&#8217;encens et \u00e0 la vanille, l&#8217;assurance d&#8217;un parfum qui inspire force et confiance.<\/p>\n<p>&nbsp;<\/p>\n<p>&nbsp;<\/p>\n<p><strong>T\u00eate<\/strong>: Poivre rose, Safran, Pamplemousse<br \/>\n<strong>C\u0153ur<\/strong>: Tabac, C\u00e8dre, Vanille<br \/>\n<strong>Fond<\/strong>:\u00a0 Ambre, Encens, Patchouli, Cashm\u00e9ran<\/p>\n<p>&nbsp;<\/p>\n<p>Eau de parfum pour homme 100 ML<\/p>\n","protected":false},"featured_media":6616,"comment_status":"open","ping_status":"closed","template":"","meta":[],"product_brand":[],"product_cat":[72,74,75,116],"product_tag":[121],"class_list":{"0":"post-6615","1":"product","2":"type-product","3":"status-publish","4":"has-post-thumbnail","6":"product_cat-ambre","7":"product_cat-boise","8":"product_cat-epice","9":"product_cat-homme","10":"product_tag-lattafa","12":"first","13":"outofstock","14":"taxable","15":"shipping-taxable","16":"purchasable","17":"product-type-simple"},"_links":{"self":[{"href":"https:\/\/www.dubaiessences.re\/index.php\/wp-json\/wp\/v2\/product\/6615","targetHints":{"allow":["GET"]}}],"collection":[{"href":"https:\/\/www.dubaiessences.re\/index.php\/wp-json\/wp\/v2\/product"}],"about":[{"href":"https:\/\/www.dubaiessences.re\/index.php\/wp-json\/wp\/v2\/types\/product"}],"replies":[{"embeddable":true,"href":"https:\/\/www.dubaiessences.re\/index.php\/wp-json\/wp\/v2\/comments?post=6615"}],"wp:featuredmedia":[{"embeddable":true,"href":"https:\/\/www.dubaiessences.re\/index.php\/wp-json\/wp\/v2\/media\/6616"}],"wp:attachment":[{"href":"https:\/\/www.dubaiessences.re\/index.php\/wp-json\/wp\/v2\/media?parent=6615"}],"wp:term":[{"taxonomy":"product_brand","embeddable":true,"href":"https:\/\/www.dubaiessences.re\/index.php\/wp-json\/wp\/v2\/product_brand?post=6615"},{"taxonomy":"product_cat","embeddable":true,"href":"https:\/\/www.dubaiessences.re\/index.php\/wp-json\/wp\/v2\/product_cat?post=6615"},{"taxonomy":"product_tag","embeddable":true,"href":"https:\/\/www.dubaiessences.re\/index.php\/wp-json\/wp\/v2\/product_tag?post=6615"}],"curies":[{"name":"wp","href":"https:\/\/api.w.org\/{rel}","templated":true}]}}