{"id":6342,"date":"2025-04-10T20:09:27","date_gmt":"2025-04-10T16:09:27","guid":{"rendered":"https:\/\/www.dubaiessences.re\/?post_type=product&#038;p=6342"},"modified":"2026-04-06T10:08:09","modified_gmt":"2026-04-06T06:08:09","slug":"maison-alhambra-fusion-intense-80-ml-copie","status":"publish","type":"product","link":"https:\/\/www.dubaiessences.re\/index.php\/product\/maison-alhambra-fusion-intense-80-ml-copie\/","title":{"rendered":"MAISON ALHAMBRA Coral Blush 80 ML"},"content":{"rendered":"<ol>\n<li><\/li>\n<\/ol>\n","protected":false},"excerpt":{"rendered":"<p>Derri\u00e8re ses notes de d\u00e9part tr\u00e8s juteuses sur le th\u00e8me de la p\u00e8che, se cache un parfum surprenant.<br \/>\nBois\u00e9, miell\u00e9, liquoreux, son sillage se r\u00e9v\u00e8le riche et contrast\u00e9 entre l&#8217;\u00e9clat du fruit et l&#8217;obscurit\u00e9 d&#8217;un patchouli intense.<br \/>\n&nbsp;<\/p>\n<p><strong>T\u00eate<\/strong>: P\u00e8che, Notes vertes, Orange sanguine<br \/>\n<strong>C\u0153ur<\/strong>: Patchouli<br \/>\n<strong>Fond<\/strong>: Miel, Tonka, Rhum, Ambre<\/p>\n<p>&nbsp;<\/p>\n<p>Eau de parfum mixte 80 ML<\/p>\n","protected":false},"featured_media":6343,"comment_status":"open","ping_status":"closed","template":"","meta":[],"product_brand":[],"product_cat":[72,74,75,117,77,123,116],"product_tag":[121],"class_list":{"0":"post-6342","1":"product","2":"type-product","3":"status-publish","4":"has-post-thumbnail","6":"product_cat-ambre","7":"product_cat-boise","8":"product_cat-epice","9":"product_cat-femme","10":"product_cat-fruite","11":"product_cat-gourmand","12":"product_cat-homme","13":"product_tag-lattafa","15":"first","16":"instock","17":"taxable","18":"shipping-taxable","19":"purchasable","20":"product-type-simple"},"_links":{"self":[{"href":"https:\/\/www.dubaiessences.re\/index.php\/wp-json\/wp\/v2\/product\/6342","targetHints":{"allow":["GET"]}}],"collection":[{"href":"https:\/\/www.dubaiessences.re\/index.php\/wp-json\/wp\/v2\/product"}],"about":[{"href":"https:\/\/www.dubaiessences.re\/index.php\/wp-json\/wp\/v2\/types\/product"}],"replies":[{"embeddable":true,"href":"https:\/\/www.dubaiessences.re\/index.php\/wp-json\/wp\/v2\/comments?post=6342"}],"wp:featuredmedia":[{"embeddable":true,"href":"https:\/\/www.dubaiessences.re\/index.php\/wp-json\/wp\/v2\/media\/6343"}],"wp:attachment":[{"href":"https:\/\/www.dubaiessences.re\/index.php\/wp-json\/wp\/v2\/media?parent=6342"}],"wp:term":[{"taxonomy":"product_brand","embeddable":true,"href":"https:\/\/www.dubaiessences.re\/index.php\/wp-json\/wp\/v2\/product_brand?post=6342"},{"taxonomy":"product_cat","embeddable":true,"href":"https:\/\/www.dubaiessences.re\/index.php\/wp-json\/wp\/v2\/product_cat?post=6342"},{"taxonomy":"product_tag","embeddable":true,"href":"https:\/\/www.dubaiessences.re\/index.php\/wp-json\/wp\/v2\/product_tag?post=6342"}],"curies":[{"name":"wp","href":"https:\/\/api.w.org\/{rel}","templated":true}]}}