{"id":6243,"date":"2024-12-17T17:08:31","date_gmt":"2024-12-17T13:08:31","guid":{"rendered":"https:\/\/www.dubaiessences.re\/?post_type=product&#038;p=6243"},"modified":"2026-01-10T13:18:33","modified_gmt":"2026-01-10T09:18:33","slug":"al-wataniah-hayat-100-ml","status":"publish","type":"product","link":"https:\/\/www.dubaiessences.re\/index.php\/product\/al-wataniah-hayat-100-ml\/","title":{"rendered":"AL WATANIAH Hayat 100 ML"},"content":{"rendered":"","protected":false},"excerpt":{"rendered":"<p>Hayat s&#8217;ouvre sur un m\u00e9lange revigorant d&#8217;\u00e9pices et de bergamote.<br \/>\nSon c\u0153ur floral aux aromes de dates et la chaleur r\u00e9confortante de la f\u00e8ve tonka et de la myrrhe vous procurent une aura irr\u00e9sistible et durable.<\/p>\n<p>&nbsp;<\/p>\n<p>&nbsp;<\/p>\n<p><strong>T\u00eate<\/strong>: Cardamome, Cannelle, Bergamote<br \/>\n<strong>C\u0153ur<\/strong>: Date, Praline, Tub\u00e9reuse<br \/>\n<strong>Fond<\/strong>: Vanille, F\u00e8ve Tonka, Benjoin, Ambre, Myrrhe<\/p>\n<p>&nbsp;<\/p>\n<p>Eau de parfum mixte 100 ML<\/p>\n","protected":false},"featured_media":6244,"comment_status":"open","ping_status":"closed","template":"","meta":[],"product_brand":[],"product_cat":[72,74,75,117,76,123,116],"product_tag":[128],"class_list":{"0":"post-6243","1":"product","2":"type-product","3":"status-publish","4":"has-post-thumbnail","6":"product_cat-ambre","7":"product_cat-boise","8":"product_cat-epice","9":"product_cat-femme","10":"product_cat-fleuri","11":"product_cat-gourmand","12":"product_cat-homme","13":"product_tag-al-watanyah","15":"first","16":"outofstock","17":"taxable","18":"shipping-taxable","19":"purchasable","20":"product-type-simple"},"_links":{"self":[{"href":"https:\/\/www.dubaiessences.re\/index.php\/wp-json\/wp\/v2\/product\/6243","targetHints":{"allow":["GET"]}}],"collection":[{"href":"https:\/\/www.dubaiessences.re\/index.php\/wp-json\/wp\/v2\/product"}],"about":[{"href":"https:\/\/www.dubaiessences.re\/index.php\/wp-json\/wp\/v2\/types\/product"}],"replies":[{"embeddable":true,"href":"https:\/\/www.dubaiessences.re\/index.php\/wp-json\/wp\/v2\/comments?post=6243"}],"wp:featuredmedia":[{"embeddable":true,"href":"https:\/\/www.dubaiessences.re\/index.php\/wp-json\/wp\/v2\/media\/6244"}],"wp:attachment":[{"href":"https:\/\/www.dubaiessences.re\/index.php\/wp-json\/wp\/v2\/media?parent=6243"}],"wp:term":[{"taxonomy":"product_brand","embeddable":true,"href":"https:\/\/www.dubaiessences.re\/index.php\/wp-json\/wp\/v2\/product_brand?post=6243"},{"taxonomy":"product_cat","embeddable":true,"href":"https:\/\/www.dubaiessences.re\/index.php\/wp-json\/wp\/v2\/product_cat?post=6243"},{"taxonomy":"product_tag","embeddable":true,"href":"https:\/\/www.dubaiessences.re\/index.php\/wp-json\/wp\/v2\/product_tag?post=6243"}],"curies":[{"name":"wp","href":"https:\/\/api.w.org\/{rel}","templated":true}]}}