{"id":6038,"date":"2024-09-16T09:39:40","date_gmt":"2024-09-16T05:39:40","guid":{"rendered":"https:\/\/www.dubaiessences.re\/?post_type=product&#038;p=6038"},"modified":"2026-04-06T10:10:41","modified_gmt":"2026-04-06T06:10:41","slug":"lattafa-asad-100-ml","status":"publish","type":"product","link":"https:\/\/www.dubaiessences.re\/index.php\/product\/lattafa-asad-100-ml\/","title":{"rendered":"LATTAFA Asad 100 ML"},"content":{"rendered":"","protected":false},"excerpt":{"rendered":"<p>Lattafa Asad, parfum pour homme au caract\u00e8re bien tremp\u00e9.<br \/>\nBois\u00e9, \u00e9pic\u00e9, aux accents de tabac et de patchouli, une masculinit\u00e9 affirm\u00e9e qui laisse apparaitre un soup\u00e7on de douceur \u00e0 travers quelques notes florales et ambr\u00e9es.<\/p>\n<p>&nbsp;<\/p>\n<p>&nbsp;<\/p>\n<p><strong>T\u00eate<\/strong>: Poivre noir, Ananas, Tabac<br \/>\n<strong>C\u0153ur<\/strong>: Caf\u00e9, Iris, Patchouli<br \/>\n<strong>Fond<\/strong>:\u00a0 Ambre, Vanille, Benjoin, Labdanum<\/p>\n<p>&nbsp;<\/p>\n<p>Eau de parfum pour homme 100 ML<\/p>\n","protected":false},"featured_media":6201,"comment_status":"open","ping_status":"closed","template":"","meta":[],"product_brand":[],"product_cat":[73,111,74,75,116],"product_tag":[121],"class_list":{"0":"post-6038","1":"product","2":"type-product","3":"status-publish","4":"has-post-thumbnail","6":"product_cat-aromatique","7":"product_cat-best-sellers","8":"product_cat-boise","9":"product_cat-epice","10":"product_cat-homme","11":"product_tag-lattafa","13":"first","14":"instock","15":"taxable","16":"shipping-taxable","17":"purchasable","18":"product-type-simple"},"_links":{"self":[{"href":"https:\/\/www.dubaiessences.re\/index.php\/wp-json\/wp\/v2\/product\/6038","targetHints":{"allow":["GET"]}}],"collection":[{"href":"https:\/\/www.dubaiessences.re\/index.php\/wp-json\/wp\/v2\/product"}],"about":[{"href":"https:\/\/www.dubaiessences.re\/index.php\/wp-json\/wp\/v2\/types\/product"}],"replies":[{"embeddable":true,"href":"https:\/\/www.dubaiessences.re\/index.php\/wp-json\/wp\/v2\/comments?post=6038"}],"wp:featuredmedia":[{"embeddable":true,"href":"https:\/\/www.dubaiessences.re\/index.php\/wp-json\/wp\/v2\/media\/6201"}],"wp:attachment":[{"href":"https:\/\/www.dubaiessences.re\/index.php\/wp-json\/wp\/v2\/media?parent=6038"}],"wp:term":[{"taxonomy":"product_brand","embeddable":true,"href":"https:\/\/www.dubaiessences.re\/index.php\/wp-json\/wp\/v2\/product_brand?post=6038"},{"taxonomy":"product_cat","embeddable":true,"href":"https:\/\/www.dubaiessences.re\/index.php\/wp-json\/wp\/v2\/product_cat?post=6038"},{"taxonomy":"product_tag","embeddable":true,"href":"https:\/\/www.dubaiessences.re\/index.php\/wp-json\/wp\/v2\/product_tag?post=6038"}],"curies":[{"name":"wp","href":"https:\/\/api.w.org\/{rel}","templated":true}]}}