{"id":5776,"date":"2023-11-13T11:15:12","date_gmt":"2023-11-13T07:15:12","guid":{"rendered":"https:\/\/www.dubaiessences.re\/?post_type=product&#038;p=5776"},"modified":"2026-03-18T09:26:37","modified_gmt":"2026-03-18T05:26:37","slug":"ajmal-wisal-dhahab-50ml","status":"publish","type":"product","link":"https:\/\/www.dubaiessences.re\/index.php\/product\/ajmal-wisal-dhahab-50ml\/","title":{"rendered":"AJMAL Wisal Dhahab 50ML"},"content":{"rendered":"","protected":false},"excerpt":{"rendered":"<p>Wisal Dhahab reprend l&#8217;esprit de la version originale (Wisal), il s&#8217;enrichit de plusieurs facettes qui en font un parfum beaucoup plus complexe.<br \/>\nUn accord fruit\u00e9 fait son apparition au d\u00e9part tandis que la rose est associ\u00e9e \u00e0 d&#8217;autres essences florales comme le jasmin ou le g\u00e9ranium.<br \/>\nPour finir quelques notes bois\u00e9es de c\u00e8dre et de patchouli sugg\u00e8rent un caract\u00e8re chypr\u00e9.<\/p>\n<p>&nbsp;<\/p>\n<p><strong>T\u00eate<\/strong>: Agrumes, Pomme, P\u00eache<br \/>\n<strong>Coeur<\/strong>: Rose, Jasmin, G\u00e9ranium<br \/>\n<strong>Fond<\/strong>: Musc, Patchouli, Santal, C\u00e8dre<\/p>\n<p>&nbsp;<\/p>\n<p>Eau de parfum mixte 50 ML<\/p>\n<p>&nbsp;<\/p>\n","protected":false},"featured_media":5772,"comment_status":"open","ping_status":"closed","template":"","meta":[],"product_brand":[],"product_cat":[72,74,117,76,77,116,124,115],"product_tag":[80],"class_list":{"0":"post-5776","1":"product","2":"type-product","3":"status-publish","4":"has-post-thumbnail","6":"product_cat-ambre","7":"product_cat-boise","8":"product_cat-femme","9":"product_cat-fleuri","10":"product_cat-fruite","11":"product_cat-homme","12":"product_cat-musc","13":"product_cat-nos-parfums","14":"product_tag-ajmal","16":"first","17":"outofstock","18":"taxable","19":"shipping-taxable","20":"purchasable","21":"product-type-simple"},"_links":{"self":[{"href":"https:\/\/www.dubaiessences.re\/index.php\/wp-json\/wp\/v2\/product\/5776","targetHints":{"allow":["GET"]}}],"collection":[{"href":"https:\/\/www.dubaiessences.re\/index.php\/wp-json\/wp\/v2\/product"}],"about":[{"href":"https:\/\/www.dubaiessences.re\/index.php\/wp-json\/wp\/v2\/types\/product"}],"replies":[{"embeddable":true,"href":"https:\/\/www.dubaiessences.re\/index.php\/wp-json\/wp\/v2\/comments?post=5776"}],"wp:featuredmedia":[{"embeddable":true,"href":"https:\/\/www.dubaiessences.re\/index.php\/wp-json\/wp\/v2\/media\/5772"}],"wp:attachment":[{"href":"https:\/\/www.dubaiessences.re\/index.php\/wp-json\/wp\/v2\/media?parent=5776"}],"wp:term":[{"taxonomy":"product_brand","embeddable":true,"href":"https:\/\/www.dubaiessences.re\/index.php\/wp-json\/wp\/v2\/product_brand?post=5776"},{"taxonomy":"product_cat","embeddable":true,"href":"https:\/\/www.dubaiessences.re\/index.php\/wp-json\/wp\/v2\/product_cat?post=5776"},{"taxonomy":"product_tag","embeddable":true,"href":"https:\/\/www.dubaiessences.re\/index.php\/wp-json\/wp\/v2\/product_tag?post=5776"}],"curies":[{"name":"wp","href":"https:\/\/api.w.org\/{rel}","templated":true}]}}