{"id":5490,"date":"2022-11-01T23:14:26","date_gmt":"2022-11-01T19:14:26","guid":{"rendered":"https:\/\/www.dubaiessences.re\/?post_type=product&#038;p=5490"},"modified":"2025-05-03T00:25:44","modified_gmt":"2025-05-02T20:25:44","slug":"evoke-midnight-edition","status":"publish","type":"product","link":"https:\/\/www.dubaiessences.re\/index.php\/product\/evoke-midnight-edition\/","title":{"rendered":"AJMAL  Evoke Midnight Edition  90ML"},"content":{"rendered":"","protected":false},"excerpt":{"rendered":"<p>Sortit en 2022 et d\u00e9j\u00e0 propuls\u00e9 parmi les meilleures ventes de Ajmal, Evoke Midnight Edition est un parfum tonique et moderne \u00e0 l&#8217;attitude r\u00e9solument masculine.<\/p>\n<p>Son d\u00e9part hesp\u00e9rid\u00e9 et son m\u00e9lange d&#8217;\u00e9pices soigneusement \u00e9labor\u00e9 inspirent la force et l&#8217;assurance aux hommes \u00e9nergiques.<br \/>\nUn parfum de caract\u00e8re, adoucit par des notes de fond bois\u00e9es et musqu\u00e9es.<\/p>\n<p>&nbsp;<\/p>\n<p><strong>T\u00eate :\u00a0<\/strong>Mandarine, Framboise, Poivre rose<br \/>\n<b>Coeur<\/b>\u00a0<strong>:<\/strong> Violette, Cardamome, Safran<br \/>\n<b>Fond <\/b><strong>:<\/strong> Patchouli, Musc, Tonka<\/p>\n<p>&nbsp;<\/p>\n<p>&nbsp;<\/p>\n","protected":false},"featured_media":5484,"comment_status":"open","ping_status":"closed","template":"","meta":[],"product_brand":[],"product_cat":[73,74,75,116],"product_tag":[80],"class_list":{"0":"post-5490","1":"product","2":"type-product","3":"status-publish","4":"has-post-thumbnail","6":"product_cat-aromatique","7":"product_cat-boise","8":"product_cat-epice","9":"product_cat-homme","10":"product_tag-ajmal","12":"first","13":"instock","14":"taxable","15":"shipping-taxable","16":"purchasable","17":"product-type-simple"},"_links":{"self":[{"href":"https:\/\/www.dubaiessences.re\/index.php\/wp-json\/wp\/v2\/product\/5490","targetHints":{"allow":["GET"]}}],"collection":[{"href":"https:\/\/www.dubaiessences.re\/index.php\/wp-json\/wp\/v2\/product"}],"about":[{"href":"https:\/\/www.dubaiessences.re\/index.php\/wp-json\/wp\/v2\/types\/product"}],"replies":[{"embeddable":true,"href":"https:\/\/www.dubaiessences.re\/index.php\/wp-json\/wp\/v2\/comments?post=5490"}],"wp:featuredmedia":[{"embeddable":true,"href":"https:\/\/www.dubaiessences.re\/index.php\/wp-json\/wp\/v2\/media\/5484"}],"wp:attachment":[{"href":"https:\/\/www.dubaiessences.re\/index.php\/wp-json\/wp\/v2\/media?parent=5490"}],"wp:term":[{"taxonomy":"product_brand","embeddable":true,"href":"https:\/\/www.dubaiessences.re\/index.php\/wp-json\/wp\/v2\/product_brand?post=5490"},{"taxonomy":"product_cat","embeddable":true,"href":"https:\/\/www.dubaiessences.re\/index.php\/wp-json\/wp\/v2\/product_cat?post=5490"},{"taxonomy":"product_tag","embeddable":true,"href":"https:\/\/www.dubaiessences.re\/index.php\/wp-json\/wp\/v2\/product_tag?post=5490"}],"curies":[{"name":"wp","href":"https:\/\/api.w.org\/{rel}","templated":true}]}}